mon divisor of 232 and 5963864?
8
What is the highest common divisor of 1211707 and 56896?
889
Calculate the greatest common factor of 403449781 and 931.
931
What is the highest common divisor of 4270 and 39564295?
305
What is the highest common divisor of 1385 and 5619499?
277
What is the greatest common divisor of 2088 and 434948032?
232
Calculate the greatest common factor of 4668 and 9493452.
12
What is the highest common factor of 3348 and 39184?
124
Calculate the highest common factor of 701931657 and 21.
21
What is the greatest common divisor of 242 and 224200537?
121
Calculate the greatest common factor of 7935564 and 31850.
182
What is the greatest common divisor of 2969 and 72568298?
2969
Calculate the highest common divisor of 5805 and 2593485.
135
What is the greatest common factor of 86115697 and 2428?
607
Calculate the greatest common divisor of 1167 and 3873.
3
Calculate the highest common divisor of 25435344 and 223311.
2211
Calculate the greatest common divisor of 943820 and 20500.
820
What is the greatest common factor of 168854 and 43022?
98
What is the greatest common divisor of 2842499 and 58878?
3271
What is the greatest common factor of 1086 and 685?
1
What is the greatest common divisor of 564820 and 760?
20
Calculate the highest common divisor of 337212596 and 4530.
302
Calculate the greatest common divisor of 271401439 and 1129.
1129
Calculate the highest common factor of 966 and 19754309.
23
Calculate the highest common divisor of 3566547 and 2223.
171
What is the highest common factor of 121282 and 10346?
14
What is the greatest common factor of 326 and 331168078?
326
Calculate the highest common divisor of 59502445 and 2315.
2315
Calculate the highest common factor of 293058 and 145926.
1206
What is the greatest common divisor of 189268 and 8516?
4
Calculate the greatest common divisor of 156 and 3049512.
12
What is the greatest common factor of 182 and 225932798?
182
Calculate the highest common factor of 1483912 and 44176.
2008
Calculate the highest common factor of 1127244746 and 166.
166
Calculate the highest common divisor of 609848760 and 41.
41
Calculate the highest common divisor of 131 and 11236263.
131
What is the highest common factor of 425012487 and 174?
87
What is the highest common factor of 56 and 101651851?
7
What is the greatest common factor of 558 and 104501?
31
Calculate the highest common factor of 1576851 and 11221104.
4467
What is the highest common divisor of 114387376 and 2032?
2032
Calculate the highest common factor of 7628823 and 52497.
171
Calculate the greatest common divisor of 2401 and 61717705.
2401
What is the highest common factor of 556047909 and 243?
243
What is the highest common factor of 8534 and 4096694?
34
What is the highest common divisor of 1692464 and 6?
2
Calculate the greatest common factor of 478905 and 3045.
105
Calculate the greatest common factor of 7 and 645713.
1
What is the highest common factor of 561 and 14819002?
187
What is the greatest common factor of 40 and 1572376?
8
Calculate the greatest common factor of 4193718 and 1824.
114
Calculate the greatest common factor of 1651 and 976820.
13
What is the greatest common divisor of 555760 and 1440?
80
What is the greatest common factor of 24799137 and 1353?
1353
What is the highest common factor of 108593244 and 108?
108
Calculate the greatest common divisor of 7005 and 12228395.
2335
Calculate the greatest common divisor of 473295 and 12927.
417
Calculate the greatest common divisor of 41160 and 94494540.
2940
What is the greatest common factor of 329434 and 456?
2
Calculate the greatest common factor of 1187545 and 5.
5
Calculate the highest common divisor of 180 and 28423170.
90
What is the highest common factor of 192 and 35818008?
24
What is the greatest common factor of 14 and 28406021?
7
Calculate the greatest common factor of 23311056 and 36.
12
What is the greatest common factor of 45821587 and 7?
7
What is the greatest common factor of 130640 and 418900?
1420
What is the greatest common divisor of 352224 and 1188?
36
What is the greatest common factor of 394569 and 693?
63
What is the greatest common divisor of 673055577 and 29?
29
What is the greatest common divisor of 25760 and 3318560?
1120
Calculate the highest common factor of 5496 and 107059332.
2748
What is the highest common factor of 23568 and 3845664?
48
What is the greatest common divisor of 662039 and 193697?
2891
Calculate the highest common divisor of 3237 and 203853.
39
What is the greatest common factor of 113940102 and 30?
6
Calculate the greatest common divisor of 44294722 and 14632.
3658
Calculate the greatest common divisor of 14 and 27155499.
7
What is the highest common divisor of 10972546 and 59814?
6646
What is the greatest common divisor of 4 and 92294012?
4
Calculate the highest common factor of 15 and 5997033.
3
Calculate the highest common divisor of 1250 and 110210.
10
What is the highest common divisor of 4752 and 213939?
99
What is the greatest common divisor of 9887074 and 12662?
974
What is the greatest common factor of 12036 and 346212?
708
Calculate the highest common divisor of 120195420 and 12.
12
What is the highest common divisor of 3071 and 11365993?
37
Calculate the greatest common factor of 9401 and 88587.
17
Calculate the highest common factor of 14169597 and 2379.
39
What is the highest common divisor of 1749176 and 4004?
572
Calculate the highest common factor of 616 and 2729440.
56
Calculate the highest common factor of 894 and 9022546.
298
Calculate the highest common divisor of 1516175306 and 1522.
1522
Calculate the highest common divisor of 16974465 and 2924.
43
Calculate the greatest common factor of 505403429 and 5431.
5431
What is the highest common divisor of 1577 and 87067?
83
What is the highest common factor of 22295 and 611?
13
Calculate the greatest common factor of 124866 and 281344.
14
What is the greatest common divisor of 779 and 472771?
41
What is the greatest common factor of 1259330 and 2090?
10
What is the greatest common divisor of 201802 and 424362?
214
What is the highest common factor of 71714054 and 45616?
5702
What is the highest common factor of 17458221 and 33?
33
What is the highest common factor of 1062 and 12078?
18
Calculate the greatest common factor of 18 and 3720753.
9
What is the highest common divisor of 5406 and 4275192?
318
Calculate the greatest common factor of 1968 and 42092076.
492
What is the highest common factor of 4634 and 1873791?
331
What is the highest common factor of 364 and 19257420?
364
Calculate the highest common factor of 3872 and 143460504.
968
Calculate the highest common divisor of 3455772 and 12.
12
Calculate the greatest common divisor of 1269 and 7988919.
141
What is the greatest common factor of 2614 and 375786026?
2614
What is the greatest common divisor of 271890 and 16605?
135
What is the highest common factor of 52256 and 733217?
1633
Calculate the highest common factor of 3334408 and 4928.
616
What is the greatest common divisor of 3315177 and 171?
171
Calculate the greatest common divisor of 136940 and 2060780.
3340
Calculate the highest common factor of 1777 and 2007.
1
Calculate the highest common factor of 4179936 and 864.
96
Calculate the highest common factor of 1323828 and 54351.
99
What is the highest common divisor of 3872029 and 4655?
931
Calculate the greatest common factor of 48752 and 876752.
16
What is the greatest common divisor of 817 and 29541989?
43
What is the highest common divisor of 26238620 and 152?
76
Calculate the highest common factor of 252 and 12966804.
36
What is the highest common factor of 100672 and 801746?
242
What is the highest common factor of 29763 and 362079?
9
What is the highest common factor of 390 and 85466030?
130
What is the highest common factor of 11076 and 6403774?
1846
What is the highest common divisor of 306 and 35217591?
51
What is the greatest common divisor of 404067 and 5362971?
1101
What is the highest common factor of 92171288 and 998?
998
What is the highest common factor of 1976 and 406928?
8
What is the highest common divisor of 3640 and 183190?
70
What is the highest common divisor of 325429 and 65?
13
What is the highest common factor of 224 and 49058975?
7
Calculate the